v + 1/3*v**3. What is the units digit of x(-3)?
7
Suppose -8*s = -7*s - 26. Suppose 0 + s = 2*g. What is the tens digit of g?
1
Let k(b) = 5*b + 3. Let c be 1/(6/(-4))*3. Let x(m) = 5*m + 4. Let q(g) = c*x(g) + 3*k(g). What is the units digit of q(1)?
6
Let c(k) = k**3 + 6*k**2 + k + 7. Let g(m) = m - 1. Let z(j) = c(j) + 4*g(j). Let w be z(-5). What is the units digit of (w - 2)/(2/12)?
6
Let v = 35 + -57. Let m be v/(-6) - 6/9. Suppose -m*r + 4*r = 3. What is the units digit of r?
3
Let m be (-2 + 4)*(-6)/(-4). Suppose v + m - 14 = 0. What is the tens digit of v?
1
Let c(z) = -z**3 - 2*z**2 - 4*z + 212. What is the hundreds digit of c(0)?
2
Let a(x) = 3*x**3 - 2*x**2 - x + 2. What is the tens digit of a(2)?
1
Suppose 35*o = 38*o - 294. What is the tens digit of o?
9
Let k be ((-2)/4)/((-1)/6). Suppose 0*s + k*s = 33. What is the units digit of s?
1
Let c(p) = -4*p - 3. Let v be c(-5). Let n = 24 - v. What is the units digit of n?
7
Let z(i) = i**3 - 5*i**2 - 2*i + 2. What is the units digit of z(6)?
6
Let v(c) = -c + 3. Let p be v(-5). Let j = p + -3. Suppose -50 = -5*l + w + w, j*l - 55 = 3*w. What is the units digit of l?
8
Let q = -81 + 119. Let o = -19 + q. What is the tens digit of o?
1
Suppose 64 = -m - 7. Let v = 122 + m. Suppose k = 5*c + 15 + 9, 5*k = 2*c + v. What is the units digit of k?
9
Suppose 5*f + 37 = 3*c, 4*f - 5*f = -2*c + 13. Suppose 6*y - y - 50 = 0. What is the units digit of (y + 0)*2/c?
5
Let g be 3/1 + 25/5. Suppose 22 = 3*d - g. What is the tens digit of d?
1
Let i(l) = -11*l**3 - 10*l**2 - 4*l + 10. Let o(q) = -4*q**3 - 3*q**2 - q + 3. Let h(f) = -2*i(f) + 7*o(f). Let k = -2 - -1. What is the units digit of h(k)?
5
Let y(t) = t**3 + 12*t**2 + 6*t + 17. What is the units digit of y(-9)?
6
Suppose -2*u + 2*g = 6, -3 = 2*g - 3*g. Suppose 4*t - 2*f - 32 = -4*f, u = -4*t + f + 26. Let q = 13 - t. What is the units digit of q?
6
Suppose 2*q + 2*s + 1 = 5, -q = 5*s + 2. Suppose 5*v - 48 = -n, -v = q*n + 2*v - 120. What is the units digit of n?
8
Suppose 0 = -j - 3*j + 8. Suppose -p = 2*v - 13, j*p + 4*v = p + 9. What is the tens digit of p?
1
Let g(d) = -d - 7. Let i be g(-6). Let t be i/3*(-36)/(-4). Let q = -1 - t. What is the units digit of q?
2
Suppose z - 27 = -0*z. Let j(o) = -o**3 - 7*o**2 - 7*o - 2. Let i be j(-6). Suppose -z = t - i*t. What is the units digit of t?
9
Suppose 0 = 4*j + 3 + 1. Let o be (-2)/2*(7 + j). What is the units digit of o/(-21) + 80/14?
6
Suppose 0 = o - 10 - 24. What is the units digit of o?
4
Let a be (0/(-3) - 1)*0. Suppose -i + 7 + 7 = a. What is the units digit of i?
4
Suppose 3 = -4*c - 5*u + 15, -c = 2*u. Let j be (-2)/(c/6 + -2). What is the units digit of -1 + j + 10 + 2?
4
Let h(k) = k**3 + 5*k**2 - 7*k. Let o be (-2 + 0)/((-4)/(-10)). Let f be h(o). Suppose -u + 3*b + 1 = 6*b, 0 = -5*u - 5*b + f. What is the units digit of u?
0
Suppose 0*x = -5*x + 15. Suppose -4*q + 2*s = -18, x*q + 0*s = 2*s + 14. Suppose -4*b + 0*z = q*z - 40, 5*z + 10 = -b. What is the tens digit of b?
1
Let t be (1/(-2))/((-2)/(-4)). What is the tens digit of (-4 + 3)/(t/17)?
1
Suppose -3*f + 882 = 2*f - 4*n, 0 = -f + 5*n + 189. What is the tens digit of f?
7
Let l = -23 + 68. Let n = l + -14. What is the tens digit of n?
3
Suppose 0 + 15 = 5*m. Suppose w + 7 + m = 0. What is the units digit of 39*(w/6 - -2)?
3
What is the tens digit of (-4 - (4 + -16)/4)*-22?
2
Let h = -22 + 38. What is the units digit of (39/4)/(4/h)?
9
Suppose 0 = 4*y + 2*y - 96. What is the units digit of y?
6
Suppose 3*m - 22 = 32. What is the units digit of (m/4)/(1/4)?
8
Let m = 34 + 157. What is the units digit of m?
1
Suppose 2*o = 8 + 232. What is the hundreds digit of o?
1
Suppose 2*v - l + 6 = 3*v, -13 = -2*v - 3*l. Suppose -v*g = -g - 44. What is the units digit of g?
1
Let j = 7 - 6. What is the units digit of -14*(-3)/(6/j)?
7
Suppose -5*h - 5*d = -4*d - 17, -d + 5 = h. Let f(g) = -g**3 + 7*g**2 - 4*g + 4. What is the tens digit of f(h)?
2
Suppose 2*j + 116 = 14. Let d = 71 + j. What is the tens digit of d?
2
Let n(a) = 4*a - 12. What is the tens digit of n(16)?
5
Let i(n) = -10*n - 4. Let m be i(-5). Suppose m = -3*o + 10. Let s = o + 21. What is the units digit of s?
9
What is the tens digit of (7 - 4 - -12) + -1?
1
Let a(k) = -17*k - 3. What is the tens digit of a(-2)?
3
Suppose j + 472 = 5*j. What is the units digit of j?
8
Let j(h) = h - 4. Let t(d) = d - 4. Let p(z) = -6*j(z) + 5*t(z). Let g be p(4). Suppose g = 3*l - 5*l + 6. What is the units digit of l?
3
Let p = 344 + -237. What is the tens digit of p?
0
Let w(x) = -x**2 - 9*x + 40. Let j be w(-12). Let v be (-2*1)/(-2) + 3. Suppose -j*u = -8, v = m + m - 5*u. What is the units digit of m?
7
Let i(x) = -8*x + 166. What is the hundreds digit of i(0)?
1
Let q(k) be the third derivative of 11*k**5/60 + k**4/12 + k**3/6 - k**2. Suppose -p = -3*n - 2, -n + 4*p + 3 + 0 = 0. What is the tens digit of q(n)?
1
Let y(p) = 3*p**2 - 8. Let f be y(4). Suppose -f = -5*b - 0*b. What is the units digit of b?
8
Let h = -7 - -10. What is the units digit of (-3 - -3) + (h - 2)?
1
Let b = -8 - -43. What is the units digit of b?
5
Let m = -10 + 7. Let y = m + 4. Suppose 2*p + 6 = j - y, 5*p = -4*j - 11. What is the units digit of j?
1
Suppose -3*x + 32 = -q, 0*x - 19 = -x + 2*q. What is the units digit of x?
9
Let z be 21 - 1/(-1) - 2. Let r = z - -15. What is the units digit of r?
5
Let a(c) = c**2 - 3*c + 4. Let w be a(3). Let o(s) = -s**3 + 4*s**2 + 3*s - 1. Let j be o(w). Suppose -4*b = -j + 3. What is the units digit of b?
2
Let u = -13 - -11. Let r = 19 + u. What is the tens digit of r?
1
Let p(l) = -3*l - 1. Let m be p(-1). Suppose 4*r + 3*q + 17 = 1, -11 = -5*r + 4*q. Let t = r + m. What is the units digit of t?
1
Suppose 2*h + 3*g = 16, 2*h - g = -5*g + 16. What is the units digit of -4 + 1 - h/(-2)?
1
Suppose -s - s + 54 = 5*g, -5*g + 5*s + 40 = 0. Suppose -6*p + g*p - 16 = 0. What is the units digit of p?
4
Suppose -2*b + 16 = -28. What is the units digit of b?
2
Let i(x) = x**2 + 6*x - 3. Let u be i(-6). Let t be (-89)/u - 2/(-6). Suppose -5*s + m + 3*m + t = 0, -s = 5*m - 6. What is the units digit of s?
6
Let n be (-3)/2*(-16)/3. Let j = n - 4. Suppose 0 = -4*d - 0*d + j. What is the units digit of d?
1
What is the tens digit of (-1)/((-4)/12) + 16?
1
Let n be (-8)/12*(2 - 5). Suppose -12 = -n*p + j, 0*p - 5*j + 24 = 2*p. Suppose 0 = -4*f - 5*u + 3, -3*f + p + 3 = -4*u. What is the units digit of f?
2
Let l(o) = -6*o + 1. Let n be l(-2). Let i = 30 - n. What is the tens digit of i?
1
Let p(h) = 4*h + 1. Let m be p(7). Let w = m + -16. Suppose -1 + w = x. What is the tens digit of x?
1
Let i = -38 + 60. What is the tens digit of i?
2
Let p(r) = 4*r - 4. What is the units digit of p(5)?
6
Let y(d) = 3*d**3 - 3*d**2 + 3*d - 2. What is the hundreds digit of y(4)?
1
Let x = 4 + -2. Suppose -x*y = 3 - 9. Suppose t = -0*t + 2*w + 10, y*t = -5*w + 74. What is the units digit of t?
8
Let k(x) be the first derivative of -x**2/2 - 2*x + 1. Let y be k(-4). Suppose -4*f + 19 = -8*c + 5*c, y*f + 5*c = -23. What is the units digit of f?
1
Let a be 1/2*(3 + -5). What is the tens digit of a + (39 + -1)/2?
1
Suppose 16 = 3*n - 5. Suppose -2*o + 5 = -n. What is the units digit of o?
6
Let z = 2 + -4. Let r be (1*z)/2 - 1. What is the units digit of 2*r*(-5 + 4)?
4
Let a be -3 + (5 - 0 - 3). Let p = a + 4. Suppose p + 0 = m. What is the units digit of m?
3
Let l = 49 + -24. What is the tens digit of (-2)/5*-2*l?
2
What is the units digit of 0 - 1 - (-12 + 4)?
7
Let a(w) = -w**3 + 9*w**2 + 2*w - 6. What is the tens digit of a(9)?
1
Let p(d) = -d**2 + 6*d - 6. Let a be p(4). Suppose 0*v - 208 = -a*v. Suppose -5*n - 29 = -v. What is the tens digit of n?
1
What is the tens digit of -7*(0 + -1)*2?
1
Suppose -4*t = -5*j - 260, 0*j - 148 = -2*t - 2*j. Suppose 0 = -4*q - q + t. What is the units digit of q?
4
Let d = -14 - -20. Let q = -4 + d. Suppose -2*w - q*w = -36. What is the units digit of w?
9
Suppose -3*a - 104 = -3*t + a, 4*a + 144 = 4*t. Let h = -20 + t. What is the units digit of h?
0
What is the units digit of (0 + -2)/(6 - 980/161)?
3
Suppose -51 + 2 = 7*j. Let v(d) be the second derivative of -d**5/20 - 7*d**4/12 - d**3/6 - 3*d**2/2 + d. What is the units digit of v(j)?
4
Suppose 4